{"id":1586,"date":"2020-11-05T11:31:23","date_gmt":"2020-11-05T11:31:23","guid":{"rendered":"http:\/\/tzglaw.com\/?page_id=1586"},"modified":"2020-11-05T11:32:45","modified_gmt":"2020-11-05T11:32:45","slug":"u-visa","status":"publish","type":"page","link":"https:\/\/tzglaw.com\/?page_id=1586","title":{"rendered":"u visa"},"content":{"rendered":"\t\t<div data-elementor-type=\"wp-page\" data-elementor-id=\"1586\" class=\"elementor elementor-1586\" data-elementor-settings=\"[]\">\n\t\t\t\t\t\t<div class=\"elementor-inner\">\n\t\t\t\t\t\t\t<div class=\"elementor-section-wrap\">\n\t\t\t\t\t\t\t<section class=\"elementor-section elementor-top-section elementor-element elementor-element-2c3a5de elementor-section-boxed elementor-section-height-default elementor-section-height-default\" data-id=\"2c3a5de\" data-element_type=\"section\">\n\t\t\t\t\t\t<div class=\"elementor-container elementor-column-gap-default\">\n\t\t\t\t\t\t\t<div class=\"elementor-row\">\n\t\t\t\t\t<div class=\"elementor-column elementor-col-100 elementor-top-column elementor-element elementor-element-9957c89\" data-id=\"9957c89\" data-element_type=\"column\">\n\t\t\t<div class=\"elementor-column-wrap elementor-element-populated\">\n\t\t\t\t\t\t\t<div class=\"elementor-widget-wrap\">\n\t\t\t\t\t\t<div class=\"elementor-element elementor-element-faa0dc9 elementor-widget elementor-widget-heading\" data-id=\"faa0dc9\" data-element_type=\"widget\" data-widget_type=\"heading.default\">\n\t\t\t\t<div class=\"elementor-widget-container\">\n\t\t\t<h2 class=\"elementor-heading-title elementor-size-default\">U Visa for Latinas<\/h2>\t\t<\/div>\n\t\t\t\t<\/div>\n\t\t\t\t\t\t<\/div>\n\t\t\t\t\t<\/div>\n\t\t<\/div>\n\t\t\t\t\t\t\t\t<\/div>\n\t\t\t\t\t<\/div>\n\t\t<\/section>\n\t\t\t\t<section class=\"elementor-section elementor-top-section elementor-element elementor-element-5df6507 elementor-section-boxed elementor-section-height-default elementor-section-height-default\" data-id=\"5df6507\" data-element_type=\"section\">\n\t\t\t\t\t\t<div class=\"elementor-container elementor-column-gap-default\">\n\t\t\t\t\t\t\t<div class=\"elementor-row\">\n\t\t\t\t\t<div class=\"elementor-column elementor-col-100 elementor-top-column elementor-element elementor-element-98b9a47\" data-id=\"98b9a47\" data-element_type=\"column\">\n\t\t\t<div class=\"elementor-column-wrap elementor-element-populated\">\n\t\t\t\t\t\t\t<div class=\"elementor-widget-wrap\">\n\t\t\t\t\t\t<div class=\"elementor-element elementor-element-c8814c1 elementor-widget elementor-widget-text-editor\" data-id=\"c8814c1\" data-element_type=\"widget\" data-widget_type=\"text-editor.default\">\n\t\t\t\t<div class=\"elementor-widget-container\">\n\t\t\t\t\t<div class=\"elementor-text-editor elementor-clearfix\"><p><strong>Mantener<\/strong><strong> unidas a las familias.<\/strong><\/p><p>\u00a0<\/p><p>Bienvenidos a nuestra secci\u00f3n:\u00a0 Visa U<\/p><p>El Grupo legal de Inmigraci\u00f3n de Tina Ghomashchian Immigration Law Group, se especializa en representar a familias con sus solicitudes de residencia legal permanente basadas en peticiones familiares.<\/p><p>La Visa-U es otorgada a personas que han sido victimas de cr\u00edmenes violentos en los Estados Unidos.<\/p><p>Los requisites para la Visa U:<\/p><ol><li>Tiene que ser v\u00edctima de un delito violento contra su persona.<\/li><li>Tiene que existir un reporte de la polic\u00eda.<\/li><li>La v\u00edctima tiene que haber cooperado con la investigaci\u00f3n del crimen.\u00a0\u00a0<\/li><li>Obtener una certificaci\u00f3n por parte de las autoridades.<\/li><li>Comprobar si la v\u00edctima sufri\u00f3 da\u00f1os f\u00edsicos, psicol\u00f3gicos o emocionales.<\/li><\/ol><p>\u00a0<\/p><p><strong>Si solicita la Visa U &#8211; Los beneficios:<\/strong><\/p><p>\u00a0<\/p><ol><li>Obtener un permiso de trabajo,<\/li><li>La Visa tiene una vigencia de 4 a\u00f1os.<\/li><\/ol><p>\u00a0<\/p><p>El proceso puede tomar de 5 hasta 7 a\u00f1os para recibir la respuesta.<\/p><p><strong>\u00bfCuando puedo aplicar para la residencia despu\u00e9s que se aprueba la visa U?<\/strong><\/p><p>Despu\u00e9s de 3 a\u00f1os de tener su Visa U, la persona puede solicitar su residencia permanente en los Estados Unidos.<\/p><p>El proceso de la Visa-U puede durar m\u00e1s de cuatro a\u00f1os, porque a pesar de que alguien pueda calificar para esta visa, cada a\u00f1o solamente se otorgan 10 mil visas de este tipo; es el n\u00famero permitido bajo las leyes que implement\u00f3 el congreso. A la ves, hay hasta 100 mil personas esperando recibir esta visa, lo cual atrasa el proceso.\u00a0<\/p><p>\u00a0<\/p><p>\u00a0<\/p><p><strong>Advertencia: Esta es informaci\u00f3n general, no\u00a0predice\u00a0ning\u00fan resultado de un asunto legal. Para una evaluaci\u00f3n completa de su caso debe consultar con un abogado experto en leyes de inmigraci\u00f3n.<\/strong><\/p><p>\u00a0<\/p><p><strong>Advertencia: Esta es informaci\u00f3n general, no\u00a0predice\u00a0ning\u00fan resultado de un asunto legal. Para una evaluaci\u00f3n completa de su caso debe consultar con un abogado experto en leyes de inmigraci\u00f3n.<\/strong><\/p><p><strong>Mas Informacion sobre la visa U<\/strong><\/p><ol><li><strong>Victima de un delito violento<\/strong><\/li><\/ol><p>La Visa-U fue creada por el congreso para proteger a victimas de delitos violentos. Algunos de los cr\u00edmenes que califican para la Visa-U son los siguientes:<\/p><ul><li>Violencia domestica<\/li><li>Encarcelamiento falso<\/li><li>Asalto<\/li><li>Secuestro<\/li><li>Violaci\u00f3n<\/li><li>Contacto sexual abusivo<\/li><li>Explotaci\u00f3n sexual<\/li><li>Prostituci\u00f3n<\/li><li>Tortura<\/li><\/ul><p>\u00a0<\/p><ol start=\"2\"><li><strong>Reporte de polic\u00eda<\/strong><\/li><\/ol><p>Es importante que adem\u00e1s de haber sido victima, que existan pruebas del reporte del crimen a las autoridades. Un reporte polic\u00edaco es importante para que se desarrolle el caso.<\/p><ol start=\"3\"><li><strong>Certificaci\u00f3n por parte de las autoridades<\/strong><\/li><\/ol><p>Un juez, oficial de polic\u00eda, o fiscal est\u00e1n encargados de firmar el certificado que se necesita para su caso migratorio. Para poder recibir este certificado es necesario cooperar con las investigaciones de la polic\u00eda. Ellos tienen la \u00faltima palabra en determinar si usted ha sido \u00fatil para sus investigaciones. La importancia de reportar temprano se enfatiza porque si el criminal ya ha sido condenado despu\u00e9s de su testimonio, su informaci\u00f3n puede ser clasificada como in\u00fatil.<\/p><ol start=\"4\"><li><strong>Da\u00f1os f\u00edsicos o emocionales<\/strong><\/li><\/ol><p>Para poder aplicar para la Visa-U se deben comprobar da\u00f1os f\u00edsicos o emocionales causados por el crimen. Algunos ejemplos de las pruebas pueden ser cartas de su medico por los da\u00f1os f\u00edsicos, o cartas de un profesional de salud emocional que est\u00e9 familiarizado con su caso. Estas cartas ayudar\u00e1n a que usted pueda comprobar que ha sido afectado por este crimen.<\/p><p>\u00a0<\/p><p>La Visa-U, aunque es obtenida por situaciones dif\u00edciles, puede llegar a ayudar a aquellas personas que saben seguir las indicaciones para aplicar para la visa. Estos 5 puntos son para que usted pueda determinar si quiz\u00e1 pueda considerar la Visa-U como una opci\u00f3n para legalizar. Sin embargo, les recordamos la importancia de consultar con un abogado experto en leyes de inmigraci\u00f3n.<\/p><p><strong>Advertencia: Esta es informaci\u00f3n general, no\u00a0predice\u00a0ning\u00fan resultado de un asunto legal. Para una evaluaci\u00f3n completa de su caso debe consultar con un abogado experto en leyes de inmigraci\u00f3n.<\/strong><\/p><p>\u00a0<\/p><p>\u00a0<\/p><\/div>\n\t\t\t\t<\/div>\n\t\t\t\t<\/div>\n\t\t\t\t<div class=\"elementor-element elementor-element-281e5af elementor-widget elementor-widget-heading\" data-id=\"281e5af\" data-element_type=\"widget\" data-widget_type=\"heading.default\">\n\t\t\t\t<div class=\"elementor-widget-container\">\n\t\t\t<h2 class=\"elementor-heading-title elementor-size-default\">PRESENTA TU SOLICITUD AHORA<\/h2>\t\t<\/div>\n\t\t\t\t<\/div>\n\t\t\t\t<div class=\"elementor-element elementor-element-c5d4c64 elementor-widget elementor-widget-wpforms\" data-id=\"c5d4c64\" data-element_type=\"widget\" data-widget_type=\"wpforms.default\">\n\t\t\t\t<div class=\"elementor-widget-container\">\n\t\t\t<div class=\"wpforms-container \" id=\"wpforms-1367\"><form id=\"wpforms-form-1367\" class=\"wpforms-validate wpforms-form\" data-formid=\"1367\" method=\"post\" enctype=\"multipart\/form-data\" action=\"\/index.php?rest_route=%2Fwp%2Fv2%2Fpages%2F1586\" data-token=\"1cdd82344e4c13d9e3a8953577b5f59d\"><noscript class=\"wpforms-error-noscript\">Please enable JavaScript in your browser to complete this form.<\/noscript><div class=\"wpforms-field-container\"><div id=\"wpforms-1367-field_0-container\" class=\"wpforms-field wpforms-field-name\" data-field-id=\"0\"><label class=\"wpforms-field-label wpforms-label-hide\" for=\"wpforms-1367-field_0\">Name <span class=\"wpforms-required-label\">*<\/span><\/label><input type=\"text\" id=\"wpforms-1367-field_0\" class=\"wpforms-field-large wpforms-field-required\" name=\"wpforms[fields][0]\" placeholder=\"Your Name\" required><\/div><div id=\"wpforms-1367-field_1-container\" class=\"wpforms-field wpforms-field-email\" data-field-id=\"1\"><label class=\"wpforms-field-label wpforms-label-hide\" for=\"wpforms-1367-field_1\">Email <span class=\"wpforms-required-label\">*<\/span><\/label><input type=\"email\" id=\"wpforms-1367-field_1\" class=\"wpforms-field-large wpforms-field-required\" name=\"wpforms[fields][1]\" placeholder=\"Your Email\" required><\/div><div id=\"wpforms-1367-field_3-container\" class=\"wpforms-field wpforms-field-text\" data-field-id=\"3\"><label class=\"wpforms-field-label wpforms-label-hide\" for=\"wpforms-1367-field_3\">Subject <span class=\"wpforms-required-label\">*<\/span><\/label><input type=\"text\" id=\"wpforms-1367-field_3\" class=\"wpforms-field-large wpforms-field-required\" name=\"wpforms[fields][3]\" placeholder=\"Subject\" required><\/div><div id=\"wpforms-1367-field_2-container\" class=\"wpforms-field wpforms-field-textarea\" data-field-id=\"2\"><label class=\"wpforms-field-label wpforms-label-hide\" for=\"wpforms-1367-field_2\">Comment or Message <span class=\"wpforms-required-label\">*<\/span><\/label><textarea id=\"wpforms-1367-field_2\" class=\"wpforms-field-medium wpforms-field-required\" name=\"wpforms[fields][2]\" placeholder=\"Your Message\" required><\/textarea><\/div><\/div><div class=\"wpforms-field wpforms-field-hp\"><label for=\"wpforms-1367-field-hp\" class=\"wpforms-field-label\">Email<\/label><input type=\"text\" name=\"wpforms[hp]\" id=\"wpforms-1367-field-hp\" class=\"wpforms-field-medium\"><\/div><div class=\"wpforms-submit-container\" ><input type=\"hidden\" name=\"wpforms[id]\" value=\"1367\"><input type=\"hidden\" name=\"wpforms[author]\" value=\"1\"><button type=\"submit\" name=\"wpforms[submit]\" class=\"wpforms-submit \" id=\"wpforms-submit-1367\" value=\"wpforms-submit\" aria-live=\"assertive\" data-alt-text=\"Sending...\" data-submit-text=\"Submit\">Submit<\/button><\/div><\/form><\/div>  <!-- .wpforms-container -->\t\t<\/div>\n\t\t\t\t<\/div>\n\t\t\t\t\t\t<\/div>\n\t\t\t\t\t<\/div>\n\t\t<\/div>\n\t\t\t\t\t\t\t\t<\/div>\n\t\t\t\t\t<\/div>\n\t\t<\/section>\n\t\t\t\t\t\t<\/div>\n\t\t\t\t\t\t<\/div>\n\t\t\t\t\t<\/div>\n\t\t","protected":false},"excerpt":{"rendered":"<p>U Visa for Latinas Mantener unidas a las familias. \u00a0 Bienvenidos a nuestra secci\u00f3n:\u00a0 Visa U El Grupo legal de Inmigraci\u00f3n de Tina Ghomashchian Immigration Law Group, se especializa en representar a familias con sus solicitudes de residencia legal permanente basadas en peticiones familiares. La Visa-U es otorgada a personas que han sido victimas de &hellip;<\/p>\n<p class=\"read-more\"> <a class=\"\" href=\"https:\/\/tzglaw.com\/?page_id=1586\"> <span class=\"screen-reader-text\">u visa<\/span> Read More &raquo;<\/a><\/p>\n","protected":false},"author":1,"featured_media":0,"parent":0,"menu_order":0,"comment_status":"closed","ping_status":"closed","template":"","meta":[],"_links":{"self":[{"href":"https:\/\/tzglaw.com\/index.php?rest_route=\/wp\/v2\/pages\/1586"}],"collection":[{"href":"https:\/\/tzglaw.com\/index.php?rest_route=\/wp\/v2\/pages"}],"about":[{"href":"https:\/\/tzglaw.com\/index.php?rest_route=\/wp\/v2\/types\/page"}],"author":[{"embeddable":true,"href":"https:\/\/tzglaw.com\/index.php?rest_route=\/wp\/v2\/users\/1"}],"replies":[{"embeddable":true,"href":"https:\/\/tzglaw.com\/index.php?rest_route=%2Fwp%2Fv2%2Fcomments&post=1586"}],"version-history":[{"count":2,"href":"https:\/\/tzglaw.com\/index.php?rest_route=\/wp\/v2\/pages\/1586\/revisions"}],"predecessor-version":[{"id":1588,"href":"https:\/\/tzglaw.com\/index.php?rest_route=\/wp\/v2\/pages\/1586\/revisions\/1588"}],"wp:attachment":[{"href":"https:\/\/tzglaw.com\/index.php?rest_route=%2Fwp%2Fv2%2Fmedia&parent=1586"}],"curies":[{"name":"wp","href":"https:\/\/api.w.org\/{rel}","templated":true}]}}