{"id":1563,"date":"2020-11-05T10:40:46","date_gmt":"2020-11-05T10:40:46","guid":{"rendered":"http:\/\/tzglaw.com\/?page_id=1563"},"modified":"2020-11-05T11:08:47","modified_gmt":"2020-11-05T11:08:47","slug":"marriage-i-130-petition","status":"publish","type":"page","link":"https:\/\/tzglaw.com\/?page_id=1563","title":{"rendered":"Marriage I-130 PETITION"},"content":{"rendered":"\t\t<div data-elementor-type=\"wp-page\" data-elementor-id=\"1563\" class=\"elementor elementor-1563\" data-elementor-settings=\"[]\">\n\t\t\t\t\t\t<div class=\"elementor-inner\">\n\t\t\t\t\t\t\t<div class=\"elementor-section-wrap\">\n\t\t\t\t\t\t\t<section class=\"elementor-section elementor-top-section elementor-element elementor-element-b33eb07 elementor-section-boxed elementor-section-height-default elementor-section-height-default\" data-id=\"b33eb07\" data-element_type=\"section\">\n\t\t\t\t\t\t<div class=\"elementor-container elementor-column-gap-default\">\n\t\t\t\t\t\t\t<div class=\"elementor-row\">\n\t\t\t\t\t<div class=\"elementor-column elementor-col-100 elementor-top-column elementor-element elementor-element-6492654\" data-id=\"6492654\" data-element_type=\"column\">\n\t\t\t<div class=\"elementor-column-wrap elementor-element-populated\">\n\t\t\t\t\t\t\t<div class=\"elementor-widget-wrap\">\n\t\t\t\t\t\t<div class=\"elementor-element elementor-element-050175a elementor-widget elementor-widget-heading\" data-id=\"050175a\" data-element_type=\"widget\" data-widget_type=\"heading.default\">\n\t\t\t\t<div class=\"elementor-widget-container\">\n\t\t\t<h2 class=\"elementor-heading-title elementor-size-default\">Marriage I-130 Petition<\/h2>\t\t<\/div>\n\t\t\t\t<\/div>\n\t\t\t\t\t\t<\/div>\n\t\t\t\t\t<\/div>\n\t\t<\/div>\n\t\t\t\t\t\t\t\t<\/div>\n\t\t\t\t\t<\/div>\n\t\t<\/section>\n\t\t\t\t<section class=\"elementor-section elementor-top-section elementor-element elementor-element-94eba5e elementor-section-boxed elementor-section-height-default elementor-section-height-default\" data-id=\"94eba5e\" data-element_type=\"section\">\n\t\t\t\t\t\t<div class=\"elementor-container elementor-column-gap-default\">\n\t\t\t\t\t\t\t<div class=\"elementor-row\">\n\t\t\t\t\t<div class=\"elementor-column elementor-col-100 elementor-top-column elementor-element elementor-element-3065c54\" data-id=\"3065c54\" data-element_type=\"column\">\n\t\t\t<div class=\"elementor-column-wrap elementor-element-populated\">\n\t\t\t\t\t\t\t<div class=\"elementor-widget-wrap\">\n\t\t\t\t\t\t<div class=\"elementor-element elementor-element-d69deae elementor-widget elementor-widget-text-editor\" data-id=\"d69deae\" data-element_type=\"widget\" data-widget_type=\"text-editor.default\">\n\t\t\t\t<div class=\"elementor-widget-container\">\n\t\t\t\t\t<div class=\"elementor-text-editor elementor-clearfix\"><p>Como c\u00f3nyuge de un ciudadano estadounidense o residente permanente, usted es elegible para solicitar su tarjeta verde. La idea b\u00e1sica es que a trav\u00e9s de un matrimonio v\u00e1lido y leg\u00edtimo con un ciudadano estadounidense o residente permanente, puede calificar para una tarjeta verde.<\/p><p>Para obtener una tarjeta de residencia a trav\u00e9s del matrimonio, su c\u00f3nyuge ciudadano estadounidense o residente permanente de los EE. UU. Debe presentar un Formulario I-130 en su nombre (tambi\u00e9n hay pasos adicionales que analizaremos a continuaci\u00f3n). Su c\u00f3nyuge es el peticionario (persona que presenta la petici\u00f3n) y usted es el beneficiario (persona que se beneficia de la petici\u00f3n).<\/p><p>Con una tarjeta verde, puede vivir y trabajar en los Estados Unidos, viajar libremente dentro y fuera de los Estados Unidos, asistir a escuelas estadounidenses y, finalmente, solicitar la ciudadan\u00eda estadounidense.<\/p><p>Obtener una tarjeta de residencia a trav\u00e9s del matrimonio no es tan simple como podr\u00eda pensar. Hay varios requisitos y pasos que deben seguirse cuidadosamente. Si no presenta su caso correctamente o si no sigue cada uno de los pasos requeridos, su caso puede retrasarse o, peor a\u00fan, negarse.<\/p><p><strong>\u2022 Tarjeta verde mediante beneficios matrimoniales<\/strong><\/p><p>Estos son algunos de los beneficios de acceder a la tarjeta verde a trav\u00e9s de los beneficios por matrimonio; Capacidad para vivir y trabajar en cualquier lugar de los Estados Unidos. Elegibilidad para ajustar el estatus en los Estados Unidos, incluso si ha sobrepasado su visa o est\u00e1 fuera de estatus.<\/p><p>No es necesario que una empresa estadounidense lo patrocine a trav\u00e9s de una oferta de trabajo. Posibilidad de viajar libremente dentro y fuera de EE. UU. Sus hijos solteros menores de 21 a\u00f1os tambi\u00e9n pueden calificar para tarjetas de residencia como beneficiarios derivados de su caso. Posibilidad de patrocinar a sus familiares una vez que se convierta en residente permanente de EE. UU. Acceso a escuelas estadounidenses.<\/p><ul><li>Proceso para obtener una tarjeta verde a trav\u00e9s del matrimonio<\/li><li>Casarse con un ciudadano estadounidense o un residente permanente legal<\/li><\/ul><p>El primer paso para calificar para una tarjeta verde a trav\u00e9s del matrimonio es casarse con un ciudadano estadounidense o residente permanente legal. El matrimonio debe tener lugar antes de que se presente cualquier papeleo de inmigraci\u00f3n.<\/p><ul><li><strong>Presentar el formulario I-130<\/strong><\/li><\/ul><p>Una vez casados, el siguiente paso es presentar un Formulario I-130. El I-130, tambi\u00e9n llamado \u201cPetici\u00f3n de familiar extranjero\u201d es el primer formulario que se presenta ante el Servicio de Ciudadan\u00eda e Inmigraci\u00f3n de los Estados Unidos (USCIS). El Formulario I-130 se presenta junto con varios documentos probatorios que incluyen el certificado de matrimonio, copias de pasaportes, fotograf\u00edas juntas, documentaci\u00f3n que acredite la validez del matrimonio, etc. satisfecho.<\/p><ul><li><strong>Entrevista de matrimonio<\/strong><\/li><\/ul><p>Cuando USCIS programe una entrevista matrimonial, debe estar preparado para demostrar que el matrimonio es leg\u00edtimo. Debe proporcionar documentaci\u00f3n, incluidas fotos y declaraciones firmadas de amigos \/ familiares que afirmen que el matrimonio es leg\u00edtimo.<\/p><ul><li><strong>Expediente para ajuste de estatus \/ tr\u00e1mite consular<\/strong><\/li><\/ul><p>El siguiente paso en el proceso de la tarjeta verde es ajustar el estatus o solicitar una visa de inmigrante en el extranjero. El Formulario I-130 por s\u00ed solo no le otorga ning\u00fan derecho de inmigraci\u00f3n. En cambio, la I-130 proporciona la base para solicitar su tarjeta verde. Esto se puede hacer de 2 formas: un ajuste de estatus o un tr\u00e1mite consular. Cada una de estas opciones tiene diferentes requisitos.<\/p><ul><li><strong>Estatus de residente permanente condicional<\/strong><\/li><\/ul><p>Si se convierte en residente permanente dentro de los primeros 2 a\u00f1os de contraer matrimonio con su c\u00f3nyuge ciudadano estadounidense o residente permanente, entonces se lo considera residente permanente \u201ccondicional\u201d por un per\u00edodo de 2 a\u00f1os. Como residente permanente condicional, tiene los mismos derechos y privilegios que los dem\u00e1s residentes permanentes. Se le emitir\u00e1 una tarjeta de residente permanente (&#8220;tarjeta verde&#8221;). Durante este per\u00edodo de 2 a\u00f1os, USCIS puede rescindir su tarjeta de residencia condicional si descubre que el matrimonio no era leg\u00edtimo, o si el matrimonio termina dentro del per\u00edodo de 2 a\u00f1os (por divorcio o anulaci\u00f3n).<\/p><ul><li><strong>Eliminaci\u00f3n de la condici\u00f3n para convertirse en residente permanente incondicional<\/strong><\/li><\/ul><p>Al final del per\u00edodo de 2 a\u00f1os de residencia permanente condicional, debe presentar una petici\u00f3n conjunta para que se elimine la condici\u00f3n de su estado de residente permanente. Para convertirse en residente permanente incondicional, debe presentar un Formulario I-751 ante USCIS.<\/p><ul><li><strong>Naturalizaci\u00f3n (opcional)<\/strong><\/li><\/ul><p>La naturalizaci\u00f3n es el proceso de solicitar y convertirse en ciudadano estadounidense. Si bien no es necesario que se naturalice para convertirse en ciudadano estadounidense, como residente permanente, es elegible para solicitar la naturalizaci\u00f3n. Eres elegible para naturalizarte despu\u00e9s de ser residente permanente durante 5 a\u00f1os. Su estado de residente permanente condicional cuenta para los 5 a\u00f1os. Estos son algunos de los requisitos para naturalizarse:<\/p><ul><li>Debe tener 18 a\u00f1os o m\u00e1s al momento de presentar su solicitud de naturalizaci\u00f3n.<\/li><li>Debe tener su tarjeta de residencia por al menos 5 a\u00f1os.<\/li><li>Debe haber vivido en el estado en el que solicita la naturalizaci\u00f3n durante al menos 3 meses.<\/li><li>Debe haber estado f\u00edsicamente presente en los EE. UU. Durante al menos 30 meses dentro de los 5 a\u00f1os inmediatamente anteriores a la presentaci\u00f3n de su solicitud de naturalizaci\u00f3n.<\/li><li>Debes tener buen car\u00e1cter moral.<\/li><li>Debe tener un conocimiento b\u00e1sico del gobierno y la historia de los Estados Unidos.<\/li><li>Debe haber residido continuamente en los Estados Unidos durante al menos 5 a\u00f1os antes de presentar su solicitud de naturalizaci\u00f3n (sin ausencias continuas durante 180 d\u00edas o m\u00e1s).<\/li><\/ul><p>\u00a0<\/p><ul><li><strong>Requisitos para obtener una tarjeta verde a trav\u00e9s del matrimonio<\/strong><\/li><\/ul><p>Debe estar en un matrimonio leg\u00edtimo con un ciudadano estadounidense o un residente permanente legal;<\/p><ul><li>El matrimonio debe ser legal, v\u00e1lido y reconocido en el lugar donde se celebr\u00f3.<br \/>Para determinar si el matrimonio es v\u00e1lido, USCIS busca ver si las partes ten\u00edan la intenci\u00f3n de construir una vida juntos en el momento del matrimonio.<\/li><li>El matrimonio no puede ser una farsa (para obtener beneficios de inmigraci\u00f3n).<\/li><li>El matrimonio no puede ir en contra de la ley estadounidense (incesto, c\u00f3nyuges m\u00faltiples, etc.).<\/li><\/ul><p>\u00a0<\/p><ul><li><strong>Requisito de ingresos m\u00ednimos<\/strong><\/li><\/ul><p>Su c\u00f3nyuge ciudadano estadounidense o residente permanente legal debe tener ingresos que sean al menos el 125% del nivel federal de pobreza. Su c\u00f3nyuge debe firmar una declaraci\u00f3n jurada que indique que lo apoyar\u00e1.<br \/>Si no tienen ingresos que sean al menos el 125% del nivel federal de pobreza, pueden usar un patrocinador conjunto.<\/p><ul><li>No puedes ser inadmisible por inmigraci\u00f3n.<\/li><li>Hay 10 categor\u00edas de inadmisibilidad que se basan en la salud, antecedentes penales, expulsiones previas, etc. No puede caer en ninguna de estas categor\u00edas.<\/li><li>Debe presentar un formulario I-130 ante USCIS y obtener la aprobaci\u00f3n.<\/li><li>Debe completar un ajuste de estatus o procesamiento consular.<\/li><\/ul><p>Documento para solicitar?<\/p><p>Hay muchos documentos que se pueden incluir con su solicitud de tarjeta verde a trav\u00e9s del matrimonio. Los documentos que incluya con su caso depender\u00e1n de su situaci\u00f3n particular y de la evidencia que tenga disponible en base a su relaci\u00f3n. Aqu\u00ed hay una lista general de documentos que debe esperar proporcionar para su tarjeta de residencia a trav\u00e9s del caso de matrimonio.<\/p><p>Documentaci\u00f3n de ciudadano estadounidense o c\u00f3nyuge residente legal permanente<\/p><p>Copia de pasaporte<br \/>Copia del formulario I-551 (tarjeta de residente permanente)<br \/>Fotos de pasaporte<br \/>Declaraciones de impuestos sobre la renta de los \u00faltimos a\u00f1os<br \/>Prueba de que todos los matrimonios anteriores se han terminado, como un decreto final de divorcio (si corresponde)<\/p><ul><li><strong>Documentaci\u00f3n de un ciudadano extranjero que busca la tarjeta verde<\/strong><\/li><\/ul><p>\u00a0<\/p><ul><li>Copia de pasaporte<\/li><li>Copia del acta de nacimiento<\/li><li>Fotos de pasaporte<\/li><li>Prueba de que todos los matrimonios anteriores se han terminado, como un decreto final de divorcio (si corresponde)<\/li><\/ul><p>\u00a0<\/p><ul><li><strong>Documentaci\u00f3n conjunta<\/strong><\/li><\/ul><p>\u00a0<\/p><ul><li>Fotos de usted es su c\u00f3nyuge en varios entornos (su boda, con amigos, fiestas, vacaciones, etc.)<\/li><li>Certificado de matrimonio.<\/li><li>Cualquier documentaci\u00f3n con el nombre de usted y su c\u00f3nyuge en \u00e9l.<\/li><li>Contrato de arrendamiento conjunto o hipoteca.<\/li><li>Evidencia de una cuenta bancaria conjunta.<\/li><li>P\u00f3liza de seguro de salud conjunta.<\/li><li>Certificados de nacimiento de los hijos que hayan tenido juntos.<\/li><li>Estados de cuenta conjuntos de tarjetas de cr\u00e9dito.<\/li><li>Seguro de autom\u00f3vil conjunto.<\/li><li>Cartas de amigos que se dirigen a los dos<\/li><\/ul><\/div>\n\t\t\t\t<\/div>\n\t\t\t\t<\/div>\n\t\t\t\t<div class=\"elementor-element elementor-element-7ed992c elementor-widget elementor-widget-heading\" data-id=\"7ed992c\" data-element_type=\"widget\" data-widget_type=\"heading.default\">\n\t\t\t\t<div class=\"elementor-widget-container\">\n\t\t\t<h2 class=\"elementor-heading-title elementor-size-default\">Contacta con nosotras ahora<\/h2>\t\t<\/div>\n\t\t\t\t<\/div>\n\t\t\t\t<div class=\"elementor-element elementor-element-5832e31 elementor-widget elementor-widget-wpforms\" data-id=\"5832e31\" data-element_type=\"widget\" data-widget_type=\"wpforms.default\">\n\t\t\t\t<div class=\"elementor-widget-container\">\n\t\t\t<div class=\"wpforms-container \" id=\"wpforms-1367\"><form id=\"wpforms-form-1367\" class=\"wpforms-validate wpforms-form\" data-formid=\"1367\" method=\"post\" enctype=\"multipart\/form-data\" action=\"\/index.php?rest_route=%2Fwp%2Fv2%2Fpages%2F1563\" data-token=\"1cdd82344e4c13d9e3a8953577b5f59d\"><noscript class=\"wpforms-error-noscript\">Please enable JavaScript in your browser to complete this form.<\/noscript><div class=\"wpforms-field-container\"><div id=\"wpforms-1367-field_0-container\" class=\"wpforms-field wpforms-field-name\" data-field-id=\"0\"><label class=\"wpforms-field-label wpforms-label-hide\" for=\"wpforms-1367-field_0\">Name <span class=\"wpforms-required-label\">*<\/span><\/label><input type=\"text\" id=\"wpforms-1367-field_0\" class=\"wpforms-field-large wpforms-field-required\" name=\"wpforms[fields][0]\" placeholder=\"Your Name\" required><\/div><div id=\"wpforms-1367-field_1-container\" class=\"wpforms-field wpforms-field-email\" data-field-id=\"1\"><label class=\"wpforms-field-label wpforms-label-hide\" for=\"wpforms-1367-field_1\">Email <span class=\"wpforms-required-label\">*<\/span><\/label><input type=\"email\" id=\"wpforms-1367-field_1\" class=\"wpforms-field-large wpforms-field-required\" name=\"wpforms[fields][1]\" placeholder=\"Your Email\" required><\/div><div id=\"wpforms-1367-field_3-container\" class=\"wpforms-field wpforms-field-text\" data-field-id=\"3\"><label class=\"wpforms-field-label wpforms-label-hide\" for=\"wpforms-1367-field_3\">Subject <span class=\"wpforms-required-label\">*<\/span><\/label><input type=\"text\" id=\"wpforms-1367-field_3\" class=\"wpforms-field-large wpforms-field-required\" name=\"wpforms[fields][3]\" placeholder=\"Subject\" required><\/div><div id=\"wpforms-1367-field_2-container\" class=\"wpforms-field wpforms-field-textarea\" data-field-id=\"2\"><label class=\"wpforms-field-label wpforms-label-hide\" for=\"wpforms-1367-field_2\">Comment or Message <span class=\"wpforms-required-label\">*<\/span><\/label><textarea id=\"wpforms-1367-field_2\" class=\"wpforms-field-medium wpforms-field-required\" name=\"wpforms[fields][2]\" placeholder=\"Your Message\" required><\/textarea><\/div><\/div><div class=\"wpforms-field wpforms-field-hp\"><label for=\"wpforms-1367-field-hp\" class=\"wpforms-field-label\">Message<\/label><input type=\"text\" name=\"wpforms[hp]\" id=\"wpforms-1367-field-hp\" class=\"wpforms-field-medium\"><\/div><div class=\"wpforms-submit-container\" ><input type=\"hidden\" name=\"wpforms[id]\" value=\"1367\"><input type=\"hidden\" name=\"wpforms[author]\" value=\"1\"><button type=\"submit\" name=\"wpforms[submit]\" class=\"wpforms-submit \" id=\"wpforms-submit-1367\" value=\"wpforms-submit\" aria-live=\"assertive\" data-alt-text=\"Sending...\" data-submit-text=\"Submit\">Submit<\/button><\/div><\/form><\/div>  <!-- .wpforms-container -->\t\t<\/div>\n\t\t\t\t<\/div>\n\t\t\t\t\t\t<\/div>\n\t\t\t\t\t<\/div>\n\t\t<\/div>\n\t\t\t\t\t\t\t\t<\/div>\n\t\t\t\t\t<\/div>\n\t\t<\/section>\n\t\t\t\t\t\t<\/div>\n\t\t\t\t\t\t<\/div>\n\t\t\t\t\t<\/div>\n\t\t","protected":false},"excerpt":{"rendered":"<p>Marriage I-130 Petition Como c\u00f3nyuge de un ciudadano estadounidense o residente permanente, usted es elegible para solicitar su tarjeta verde. La idea b\u00e1sica es que a trav\u00e9s de un matrimonio v\u00e1lido y leg\u00edtimo con un ciudadano estadounidense o residente permanente, puede calificar para una tarjeta verde. Para obtener una tarjeta de residencia a trav\u00e9s del &hellip;<\/p>\n<p class=\"read-more\"> <a class=\"\" href=\"https:\/\/tzglaw.com\/?page_id=1563\"> <span class=\"screen-reader-text\">Marriage I-130 PETITION<\/span> Read More &raquo;<\/a><\/p>\n","protected":false},"author":1,"featured_media":0,"parent":0,"menu_order":0,"comment_status":"closed","ping_status":"closed","template":"","meta":[],"_links":{"self":[{"href":"https:\/\/tzglaw.com\/index.php?rest_route=\/wp\/v2\/pages\/1563"}],"collection":[{"href":"https:\/\/tzglaw.com\/index.php?rest_route=\/wp\/v2\/pages"}],"about":[{"href":"https:\/\/tzglaw.com\/index.php?rest_route=\/wp\/v2\/types\/page"}],"author":[{"embeddable":true,"href":"https:\/\/tzglaw.com\/index.php?rest_route=\/wp\/v2\/users\/1"}],"replies":[{"embeddable":true,"href":"https:\/\/tzglaw.com\/index.php?rest_route=%2Fwp%2Fv2%2Fcomments&post=1563"}],"version-history":[{"count":4,"href":"https:\/\/tzglaw.com\/index.php?rest_route=\/wp\/v2\/pages\/1563\/revisions"}],"predecessor-version":[{"id":1576,"href":"https:\/\/tzglaw.com\/index.php?rest_route=\/wp\/v2\/pages\/1563\/revisions\/1576"}],"wp:attachment":[{"href":"https:\/\/tzglaw.com\/index.php?rest_route=%2Fwp%2Fv2%2Fmedia&parent=1563"}],"curies":[{"name":"wp","href":"https:\/\/api.w.org\/{rel}","templated":true}]}}