{"id":1424,"date":"2020-11-04T17:11:01","date_gmt":"2020-11-04T17:11:01","guid":{"rendered":"http:\/\/tzglaw.com\/?page_id=1424"},"modified":"2020-11-04T22:14:23","modified_gmt":"2020-11-04T22:14:23","slug":"vawa","status":"publish","type":"page","link":"https:\/\/tzglaw.com\/?page_id=1424","title":{"rendered":"VAWA"},"content":{"rendered":"\t\t<div data-elementor-type=\"wp-page\" data-elementor-id=\"1424\" class=\"elementor elementor-1424\" data-elementor-settings=\"[]\">\n\t\t\t\t\t\t<div class=\"elementor-inner\">\n\t\t\t\t\t\t\t<div class=\"elementor-section-wrap\">\n\t\t\t\t\t\t\t<section class=\"elementor-section elementor-top-section elementor-element elementor-element-4b45a07 elementor-section-boxed elementor-section-height-default elementor-section-height-default\" data-id=\"4b45a07\" data-element_type=\"section\">\n\t\t\t\t\t\t<div class=\"elementor-container elementor-column-gap-default\">\n\t\t\t\t\t\t\t<div class=\"elementor-row\">\n\t\t\t\t\t<div class=\"elementor-column elementor-col-100 elementor-top-column elementor-element elementor-element-ff36076\" data-id=\"ff36076\" data-element_type=\"column\">\n\t\t\t<div class=\"elementor-column-wrap elementor-element-populated\">\n\t\t\t\t\t\t\t<div class=\"elementor-widget-wrap\">\n\t\t\t\t\t\t<div class=\"elementor-element elementor-element-f54abe8 elementor-widget elementor-widget-heading\" data-id=\"f54abe8\" data-element_type=\"widget\" data-widget_type=\"heading.default\">\n\t\t\t\t<div class=\"elementor-widget-container\">\n\t\t\t<h2 class=\"elementor-heading-title elementor-size-default\">VAWA<\/h2>\t\t<\/div>\n\t\t\t\t<\/div>\n\t\t\t\t\t\t<\/div>\n\t\t\t\t\t<\/div>\n\t\t<\/div>\n\t\t\t\t\t\t\t\t<\/div>\n\t\t\t\t\t<\/div>\n\t\t<\/section>\n\t\t\t\t<section class=\"elementor-section elementor-top-section elementor-element elementor-element-5557fcb elementor-section-boxed elementor-section-height-default elementor-section-height-default\" data-id=\"5557fcb\" data-element_type=\"section\">\n\t\t\t\t\t\t<div class=\"elementor-container elementor-column-gap-default\">\n\t\t\t\t\t\t\t<div class=\"elementor-row\">\n\t\t\t\t\t<div class=\"elementor-column elementor-col-100 elementor-top-column elementor-element elementor-element-6481a78\" data-id=\"6481a78\" data-element_type=\"column\">\n\t\t\t<div class=\"elementor-column-wrap elementor-element-populated\">\n\t\t\t\t\t\t\t<div class=\"elementor-widget-wrap\">\n\t\t\t\t\t\t<div class=\"elementor-element elementor-element-f92bb39 elementor-widget elementor-widget-text-editor\" data-id=\"f92bb39\" data-element_type=\"widget\" data-widget_type=\"text-editor.default\">\n\t\t\t\t<div class=\"elementor-widget-container\">\n\t\t\t\t\t<div class=\"elementor-text-editor elementor-clearfix\"><p>VAWA es una ley especial que permite al c\u00f3nyuge y\/o hijo de un ciudadano estadounidense abusivo o residente permanente legal solicitar una tarjeta verde a trav\u00e9s de la auto-petici\u00f3n. \u00a0A trav\u00e9s d<a href=\"https:\/\/www.ashoorilaw.com\/vawa\/\">e <\/a>VAWA, alguien puede solicitar una tarjeta verde ellos mismos, sin la ayuda de su c\u00f3nyuge abusivo.<\/p><p>VAWA es una opci\u00f3n de inmigraci\u00f3n muy poderosa para hombres y mujeres.<\/p><p>\u00a0<\/p><p>\u00a0\u00bfCALIFICAS PARA VAWA?<\/p><p>LOS 5 REQUISITOS PRINCIPALES<\/p><ul><li>Usted debe estar en una relaci\u00f3n calificada con un ciudadano estadounidense abusivo o residente permanente legal<\/li><\/ul><ul><li>Usted debe residir en los EE.UU. en el momento en que se presenta la petici\u00f3n vaWA\u00a0 y debe haber residido con el ciudadano estadounidense abusivo o residente legal permanente en cualquier momento.<\/li><\/ul><ul><li>La persona abusiva debe ser ciudadano estadounidense o residente permanente legal<\/li><\/ul><ul><li>Debe haber sido abusado a manos del ciudadano estadounidense o residente permanente legal<\/li><\/ul><ul><li>Debes ser una persona de buen car\u00e1cter moral<\/li><\/ul><p>\u00a0<\/p><p><strong>REQUISITO 1:<\/strong><\/p><p>El primer requisito para calificar para VAWA es que usted debe estar en una relaci\u00f3n calificada con un ciudadano estadounidense o residente legal permanente. Hay 3 relaciones calificadas:<\/p><ul><li>Matrimonio con un ciudadano estadounidense o residente permanente legal<\/li><\/ul><p>\u00a0<\/p><p>Una de las maneras de calificar para VAWA es ser el c\u00f3nyuge abusado de un ciudadano estadounidense o residente permanente legal. Para calificar bajo esta relaci\u00f3n, usted debe demostrar que usted entr\u00f3 en un matrimonio de buena fe con el ciudadano estadounidense o residente permanente legal. Para probar un matrimonio de buena fe, debes demostrar que en el momento del matrimonio, ten\u00edas la intenci\u00f3n de establecer una vida juntos. Si el matrimonio se celebr\u00f3 \u00fanicamente por beneficios de inmigraci\u00f3n, esto no calificar\u00e1 como un matrimonio de buena fe.<\/p><p>\u00a0<\/p><p>Un punto importante que me gustar\u00eda mencionar es <strong>que todav\u00eda puede calificar<\/strong>\u00a0 para\u00a0 VAWA incluso si usted no est\u00e1 actualmente casado con el c\u00f3nyuge abusivo. Para calificar, usted debe probar que el matrimonio termin\u00f3 dentro de los \u00faltimos 2 a\u00f1os antes de solicitar VAWA. Adem\u00e1s, debe demostrar que la terminaci\u00f3n del matrimonio estaba relacionada con el abuso del c\u00f3nyuge.<\/p><p>\u00a0<\/p><p><strong>Ni\u00f1o abusado o ciudadano legal o residente permanente<\/strong><\/p><p>Tambi\u00e9n puede calificar para VAWA si usted es el hijo abusado de un ciudadano estadounidense o residente permanente legal. Para calificar, usted debe probar que tiene una relaci\u00f3n padre\/hijo con el padre abusivo.<\/p><p>\u00a0<\/p><p><strong>Padre de un ciudadano estadounidense o residente legal permanente <\/strong><\/p><p>Tambi\u00e9n puede calificar para VAWA como padre abusado de un ciudadano estadounidense. Para calificar bajo esta categor\u00eda, usted debe probar que el ciudadano estadounidense abusivo es su hijo y que usted tiene al menos 21 a\u00f1os de edad.<\/p><p>\u00a0<\/p><p><strong>REQUISITO 2: REQUISITO DE RESIDENCIA<\/strong><\/p><p><strong>Hay 2 puntos para el requisito de residencia:<\/strong><\/p><p>\u00a0<\/p><ul><li>Para calificar para VAWA, usted debe residir en los EE.UU. en el momento en que se presenta la petici\u00f3n de VAWA. Si usted no reside en los EE.UU. en el momento en que se presenta la petici\u00f3n de VAWA, debe demostrar que el ciudadano estadounidense u <strong>o<\/strong>\u00a0 residente permanente lo somet\u00f3 a usted o a su hijo a una crueldad o agresi\u00f3n extrema en los EE.UU. o que el ciudadano estadounidense abusivo o residente permanente legal es un empleado del gobierno de los EE. UU. o un miembro de los servicios uniformados.<\/li><\/ul><p>\u00a0<\/p><ul><li>Usted debe haber residido con el ciudadano estadounidense abusivo o residente legal permanente en cualquier momento.<\/li><\/ul><p><strong>REQUISITO 3: ESTADO DE CIUDADAN\u00cdA DEL ABUSADOR<\/strong><\/p><p>Para calificar para VAWA, la persona abusiva debe ser un ciudadano estadounidense o residente permanente legal.<\/p><p>\u00a0<\/p><p><strong>Excepci\u00f3n<\/strong><\/p><p>Si el ciudadano estadounidense abusivo o residente legal permanente ya no es ciudadano estadounidense o residente legal permanente, es posible que a\u00fan califique para VAWA si presenta la petici\u00f3n de WAdel VA dentro delos 2 a\u00f1os de la p\u00e9rdida de estatus del ciudadano estadounidense abusivo o residente legal permanente si la p\u00e9rdida de estatus estaba relacionada con la violencia dom\u00e9stica.<\/p><p>\u00a0<\/p><p><strong>REQUISITO 4: DEBE HABER SIDO ABUSADO Y DOCUMENTADO. ESTO PUEDE SER EMOCIONAL O F\u00cdSICO<\/strong><\/p><p>Para calificar para VAWA, usted debe probar que fue abusado a manos del ciudadano estadounidense o c\u00f3nyuge o padre residente permanente legal. O si usted es el padre de un ni\u00f1o ciudadano estadounidense abusivo, debe mostrar abuso a manos del ni\u00f1o ciudadano estadounidense.<\/p><p>\u00a0<\/p><p>Para probar el abuso, debes probar que has sido maltratado o sometido a una crueldad extrema.<\/p><p>\u00a0<\/p><p>El abuso se define por las regulaciones para ser cualquier acto o acto de violencia amenazada (esto tambi\u00e9n incluye abuso psicol\u00f3gico, violaci\u00f3n, incesto y prostituci\u00f3n forzada).<\/p><p>\u00a0<\/p><p><strong>REQUISITO 5: DEBES TENER UN BUEN CAR\u00c1CTER MORAL<\/strong><\/p><p>Para calificar para VAWA, debe probar que fue una persona de buen car\u00e1cter moral durante el per\u00edodo de 3 a\u00f1os antes de presentar su petici\u00f3n VAWA. Para demostrar un buen car\u00e1cter moral, solemos incluir autorizaciones policiales de todas las ciudades donde la persona abusada vivi\u00f3 durante al menos 6 meses. Adem\u00e1s, tambi\u00e9n incluimos declaraciones de impuestos y declaraciones de amigos y familiares de la persona abusada que atestiguan el hecho de que la persona abusada es una persona de buen car\u00e1cter moral.<\/p><\/div>\n\t\t\t\t<\/div>\n\t\t\t\t<\/div>\n\t\t\t\t<div class=\"elementor-element elementor-element-54ee959 elementor-widget elementor-widget-heading\" data-id=\"54ee959\" data-element_type=\"widget\" data-widget_type=\"heading.default\">\n\t\t\t\t<div class=\"elementor-widget-container\">\n\t\t\t<h2 class=\"elementor-heading-title elementor-size-default\">Contacta con nosotras ahora<\/h2>\t\t<\/div>\n\t\t\t\t<\/div>\n\t\t\t\t<div class=\"elementor-element elementor-element-0aad266 elementor-widget elementor-widget-wpforms\" data-id=\"0aad266\" data-element_type=\"widget\" data-widget_type=\"wpforms.default\">\n\t\t\t\t<div class=\"elementor-widget-container\">\n\t\t\t<div class=\"wpforms-container \" id=\"wpforms-1367\"><form id=\"wpforms-form-1367\" class=\"wpforms-validate wpforms-form\" data-formid=\"1367\" method=\"post\" enctype=\"multipart\/form-data\" action=\"\/index.php?rest_route=%2Fwp%2Fv2%2Fpages%2F1424\" data-token=\"1cdd82344e4c13d9e3a8953577b5f59d\"><noscript class=\"wpforms-error-noscript\">Please enable JavaScript in your browser to complete this form.<\/noscript><div class=\"wpforms-field-container\"><div id=\"wpforms-1367-field_0-container\" class=\"wpforms-field wpforms-field-name\" data-field-id=\"0\"><label class=\"wpforms-field-label wpforms-label-hide\" for=\"wpforms-1367-field_0\">Name <span class=\"wpforms-required-label\">*<\/span><\/label><input type=\"text\" id=\"wpforms-1367-field_0\" class=\"wpforms-field-large wpforms-field-required\" name=\"wpforms[fields][0]\" placeholder=\"Your Name\" required><\/div><div id=\"wpforms-1367-field_1-container\" class=\"wpforms-field wpforms-field-email\" data-field-id=\"1\"><label class=\"wpforms-field-label wpforms-label-hide\" for=\"wpforms-1367-field_1\">Email <span class=\"wpforms-required-label\">*<\/span><\/label><input type=\"email\" id=\"wpforms-1367-field_1\" class=\"wpforms-field-large wpforms-field-required\" name=\"wpforms[fields][1]\" placeholder=\"Your Email\" required><\/div><div id=\"wpforms-1367-field_3-container\" class=\"wpforms-field wpforms-field-text\" data-field-id=\"3\"><label class=\"wpforms-field-label wpforms-label-hide\" for=\"wpforms-1367-field_3\">Subject <span class=\"wpforms-required-label\">*<\/span><\/label><input type=\"text\" id=\"wpforms-1367-field_3\" class=\"wpforms-field-large wpforms-field-required\" name=\"wpforms[fields][3]\" placeholder=\"Subject\" required><\/div><div id=\"wpforms-1367-field_2-container\" class=\"wpforms-field wpforms-field-textarea\" data-field-id=\"2\"><label class=\"wpforms-field-label wpforms-label-hide\" for=\"wpforms-1367-field_2\">Comment or Message <span class=\"wpforms-required-label\">*<\/span><\/label><textarea id=\"wpforms-1367-field_2\" class=\"wpforms-field-medium wpforms-field-required\" name=\"wpforms[fields][2]\" placeholder=\"Your Message\" required><\/textarea><\/div><\/div><div class=\"wpforms-field wpforms-field-hp\"><label for=\"wpforms-1367-field-hp\" class=\"wpforms-field-label\">Name<\/label><input type=\"text\" name=\"wpforms[hp]\" id=\"wpforms-1367-field-hp\" class=\"wpforms-field-medium\"><\/div><div class=\"wpforms-submit-container\" ><input type=\"hidden\" name=\"wpforms[id]\" value=\"1367\"><input type=\"hidden\" name=\"wpforms[author]\" value=\"1\"><button type=\"submit\" name=\"wpforms[submit]\" class=\"wpforms-submit \" id=\"wpforms-submit-1367\" value=\"wpforms-submit\" aria-live=\"assertive\" data-alt-text=\"Sending...\" data-submit-text=\"Submit\">Submit<\/button><\/div><\/form><\/div>  <!-- .wpforms-container -->\t\t<\/div>\n\t\t\t\t<\/div>\n\t\t\t\t\t\t<\/div>\n\t\t\t\t\t<\/div>\n\t\t<\/div>\n\t\t\t\t\t\t\t\t<\/div>\n\t\t\t\t\t<\/div>\n\t\t<\/section>\n\t\t\t\t\t\t<\/div>\n\t\t\t\t\t\t<\/div>\n\t\t\t\t\t<\/div>\n\t\t","protected":false},"excerpt":{"rendered":"<p>VAWA VAWA es una ley especial que permite al c\u00f3nyuge y\/o hijo de un ciudadano estadounidense abusivo o residente permanente legal solicitar una tarjeta verde a trav\u00e9s de la auto-petici\u00f3n. \u00a0A trav\u00e9s de VAWA, alguien puede solicitar una tarjeta verde ellos mismos, sin la ayuda de su c\u00f3nyuge abusivo. VAWA es una opci\u00f3n de inmigraci\u00f3n &hellip;<\/p>\n<p class=\"read-more\"> <a class=\"\" href=\"https:\/\/tzglaw.com\/?page_id=1424\"> <span class=\"screen-reader-text\">VAWA<\/span> Read More &raquo;<\/a><\/p>\n","protected":false},"author":1,"featured_media":0,"parent":0,"menu_order":0,"comment_status":"closed","ping_status":"closed","template":"","meta":[],"_links":{"self":[{"href":"https:\/\/tzglaw.com\/index.php?rest_route=\/wp\/v2\/pages\/1424"}],"collection":[{"href":"https:\/\/tzglaw.com\/index.php?rest_route=\/wp\/v2\/pages"}],"about":[{"href":"https:\/\/tzglaw.com\/index.php?rest_route=\/wp\/v2\/types\/page"}],"author":[{"embeddable":true,"href":"https:\/\/tzglaw.com\/index.php?rest_route=\/wp\/v2\/users\/1"}],"replies":[{"embeddable":true,"href":"https:\/\/tzglaw.com\/index.php?rest_route=%2Fwp%2Fv2%2Fcomments&post=1424"}],"version-history":[{"count":2,"href":"https:\/\/tzglaw.com\/index.php?rest_route=\/wp\/v2\/pages\/1424\/revisions"}],"predecessor-version":[{"id":1457,"href":"https:\/\/tzglaw.com\/index.php?rest_route=\/wp\/v2\/pages\/1424\/revisions\/1457"}],"wp:attachment":[{"href":"https:\/\/tzglaw.com\/index.php?rest_route=%2Fwp%2Fv2%2Fmedia&parent=1424"}],"curies":[{"name":"wp","href":"https:\/\/api.w.org\/{rel}","templated":true}]}}